{"id":10,"date":"2025-12-07T23:22:19","date_gmt":"2025-12-07T23:22:19","guid":{"rendered":"http:\/\/bertrandserra.fr\/?page_id=10"},"modified":"2025-12-07T23:23:55","modified_gmt":"2025-12-07T23:23:55","slug":"agepolicy","status":"publish","type":"page","link":"https:\/\/bertrandserra.fr\/index.php\/agepolicy\/","title":{"rendered":"Politique sur les restrictions d&#8217;\u00e2ge"},"content":{"rendered":"<h3>\u00c0 propos de la restriction d&#8217;\u00e2ge<\/h3>\n<h4 data-path-to-node=\"5\">Classification d&#8217;\u00c2ge : 16 ans et plus (Mature)<\/h4>\n<p data-path-to-node=\"6\">L&#8217;application <b>RuSSell<\/b> est class\u00e9e pour un public de <b>16 ans et plus<\/b> (ou l&#8217;\u00e9quivalent dans certaines r\u00e9gions, par exemple 15 ans et plus en Cor\u00e9e du Sud et en Australie) sur les plateformes de distribution.<\/p>\n<p data-path-to-node=\"7\">Cette classification est une exigence technique et l\u00e9gale li\u00e9e \u00e0 la nature m\u00eame de l&#8217;application, et non au contenu intrins\u00e8quement mature que RuSSell fournirait.<\/p>\n<p data-path-to-node=\"8\"><b>Pourquoi cette classification ?<\/b><\/p>\n<ol start=\"1\" data-path-to-node=\"9\">\n<li>\n<p data-path-to-node=\"9,0,0\"><b>Agr\u00e9gateur de Contenu Ouvert :<\/b> RuSSell est un outil de lecture qui permet \u00e0 l&#8217;utilisateur d&#8217;ajouter n&#8217;importe quel flux RSS disponible sur Internet. L&#8217;application est neutre et n&#8217;applique aucun filtre ou aucune mod\u00e9ration au contenu provenant de ces sources tierces.<\/p>\n<\/li>\n<li>\n<p data-path-to-node=\"9,1,0\"><b>Acc\u00e8s Potentiel \u00e0 du Contenu Mature :<\/b> Les plateformes de distribution exigent cette classification pour toutes les applications offrant un acc\u00e8s illimit\u00e9 \u00e0 du contenu web ou tiers. Cela couvre la possibilit\u00e9 th\u00e9orique qu&#8217;un utilisateur puisse ajouter un flux RSS contenant des sujets r\u00e9serv\u00e9s \u00e0 un public averti (violence graphique, th\u00e8mes sexuels, langage offensant, etc.).<\/p>\n<\/li>\n<li>\n<p data-path-to-node=\"9,2,0\"><b>Conformit\u00e9 R\u00e9glementaire :<\/b> Cette classification est n\u00e9cessaire pour se conformer aux politiques des stores qui cherchent \u00e0 prot\u00e9ger les utilisateurs mineurs contre l&#8217;exposition involontaire \u00e0 du contenu non adapt\u00e9.<\/p>\n<\/li>\n<\/ol>\n<p data-path-to-node=\"10\"><b>Notre Engagement :<\/b><\/p>\n<ul data-path-to-node=\"11\">\n<li>\n<p data-path-to-node=\"11,0,0\"><b>L&#8217;application elle-m\u00eame est neutre :<\/b> L&#8217;interface de RuSSell ne contient ni contenu violent, ni contenu sexuel, ni blasph\u00e9matoire.<\/p>\n<\/li>\n<li>\n<p data-path-to-node=\"11,1,0\"><b>Contr\u00f4le Utilisateur :<\/b> Vous \u00eates le seul responsable du choix des flux RSS que vous ajoutez \u00e0 RuSSell. La classification de 16 ans et plus souligne la <b>libert\u00e9 totale de l&#8217;utilisateur<\/b> dans la s\u00e9lection de ses sources d&#8217;information.<\/p>\n<\/li>\n<\/ul>\n","protected":false},"excerpt":{"rendered":"<p>\u00c0 propos de la restriction d&#8217;\u00e2ge Classification d&#8217;\u00c2ge : 16 ans et plus (Mature) L&#8217;application RuSSell est class\u00e9e pour un public de 16 ans et plus (ou l&#8217;\u00e9quivalent dans certaines r\u00e9gions, par exemple 15 ans et plus en Cor\u00e9e du Sud et en Australie) sur les plateformes de distribution. Cette classification est une exigence technique [&hellip;]<\/p>\n","protected":false},"author":1,"featured_media":0,"parent":0,"menu_order":0,"comment_status":"closed","ping_status":"closed","template":"","meta":{"footnotes":""},"class_list":["post-10","page","type-page","status-publish","hentry"],"jetpack_sharing_enabled":true,"_links":{"self":[{"href":"https:\/\/bertrandserra.fr\/index.php\/wp-json\/wp\/v2\/pages\/10","targetHints":{"allow":["GET"]}}],"collection":[{"href":"https:\/\/bertrandserra.fr\/index.php\/wp-json\/wp\/v2\/pages"}],"about":[{"href":"https:\/\/bertrandserra.fr\/index.php\/wp-json\/wp\/v2\/types\/page"}],"author":[{"embeddable":true,"href":"https:\/\/bertrandserra.fr\/index.php\/wp-json\/wp\/v2\/users\/1"}],"replies":[{"embeddable":true,"href":"https:\/\/bertrandserra.fr\/index.php\/wp-json\/wp\/v2\/comments?post=10"}],"version-history":[{"count":2,"href":"https:\/\/bertrandserra.fr\/index.php\/wp-json\/wp\/v2\/pages\/10\/revisions"}],"predecessor-version":[{"id":12,"href":"https:\/\/bertrandserra.fr\/index.php\/wp-json\/wp\/v2\/pages\/10\/revisions\/12"}],"wp:attachment":[{"href":"https:\/\/bertrandserra.fr\/index.php\/wp-json\/wp\/v2\/media?parent=10"}],"curies":[{"name":"wp","href":"https:\/\/api.w.org\/{rel}","templated":true}]}}